{"id":2606,"date":"2024-08-12T11:40:39","date_gmt":"2024-08-12T15:40:39","guid":{"rendered":"https:\/\/www.energipr.com\/?post_type=portfolio&#038;p=2606"},"modified":"2024-08-26T09:54:09","modified_gmt":"2024-08-26T13:54:09","slug":"austrian-airlines","status":"publish","type":"portfolio","link":"https:\/\/www.energipr.com\/fr\/portfolio-fr\/austrian-airlines\/","title":{"rendered":"Lufthansa"},"content":{"rendered":"\t\t<div data-elementor-type=\"wp-post\" data-elementor-id=\"2606\" class=\"elementor elementor-2606 elementor-1361\">\n\t\t\t\t\t\t<section class=\"elementor-section elementor-top-section elementor-element elementor-element-fd75f5f elementor-section-boxed elementor-section-height-default elementor-section-height-default\" data-id=\"fd75f5f\" data-element_type=\"section\" data-e-type=\"section\">\n\t\t\t\t\t\t<div class=\"elementor-container elementor-column-gap-default\">\n\t\t\t\t\t<div class=\"elementor-column elementor-col-100 elementor-top-column elementor-element elementor-element-75ae4572\" data-id=\"75ae4572\" data-element_type=\"column\" data-e-type=\"column\">\n\t\t\t<div class=\"elementor-widget-wrap\">\n\t\t\t\t\t\t\t<\/div>\n\t\t<\/div>\n\t\t\t\t\t<\/div>\n\t\t<\/section>\n\t\t\t\t<section class=\"elementor-section elementor-top-section elementor-element elementor-element-606b3aa9 elementor-section-boxed elementor-section-height-default elementor-section-height-default\" data-id=\"606b3aa9\" data-element_type=\"section\" data-e-type=\"section\">\n\t\t\t\t\t\t<div class=\"elementor-container elementor-column-gap-no\">\n\t\t\t\t\t<div class=\"elementor-column elementor-col-100 elementor-top-column elementor-element elementor-element-5cb6926a\" data-id=\"5cb6926a\" data-element_type=\"column\" data-e-type=\"column\">\n\t\t\t<div class=\"elementor-widget-wrap elementor-element-populated\">\n\t\t\t\t\t\t<div class=\"elementor-element elementor-element-689c64ba elementor-widget elementor-widget-spacer\" data-id=\"689c64ba\" data-element_type=\"widget\" data-e-type=\"widget\" data-widget_type=\"spacer.default\">\n\t\t\t\t<div class=\"elementor-widget-container\">\n\t\t\t\t\t\t\t<div class=\"elementor-spacer\">\n\t\t\t<div class=\"elementor-spacer-inner\"><\/div>\n\t\t<\/div>\n\t\t\t\t\t\t<\/div>\n\t\t\t\t<\/div>\n\t\t\t\t\t<\/div>\n\t\t<\/div>\n\t\t\t\t\t<\/div>\n\t\t<\/section>\n\t\t\t\t<section class=\"elementor-section elementor-top-section elementor-element elementor-element-79f24b9 elementor-section-boxed elementor-section-height-default elementor-section-height-default\" data-id=\"79f24b9\" data-element_type=\"section\" data-e-type=\"section\">\n\t\t\t\t\t\t<div class=\"elementor-container elementor-column-gap-default\">\n\t\t\t\t\t<div class=\"elementor-column elementor-col-50 elementor-top-column elementor-element elementor-element-7a7e6f3f\" data-id=\"7a7e6f3f\" data-element_type=\"column\" data-e-type=\"column\">\n\t\t\t<div class=\"elementor-widget-wrap elementor-element-populated\">\n\t\t\t\t\t\t<div class=\"elementor-element elementor-element-5d723bf elementor-align-left elementor-widget elementor-widget-raven-heading\" data-id=\"5d723bf\" data-element_type=\"widget\" data-e-type=\"widget\" data-widget_type=\"raven-heading.default\">\n\t\t\t\t<div class=\"elementor-widget-container\">\n\t\t\t\t\t\t\t<div class=\"raven-widget-wrapper\"><h2 class=\"raven-heading raven-heading-h2\"><span class=\"raven-heading-title \">Willkommen, Bienvenue, Welcome! <\/span><\/h2><\/div>\n\t\t\t\t\t\t<\/div>\n\t\t\t\t<\/div>\n\t\t\t\t<div class=\"elementor-element elementor-element-78e85db8 elementor-widget elementor-widget-text-editor\" data-id=\"78e85db8\" data-element_type=\"widget\" data-e-type=\"widget\" data-widget_type=\"text-editor.default\">\n\t\t\t\t<div class=\"elementor-widget-container\">\n\t\t\t\t\t\t\t\t\t<p>Introducing Austrian Airlines\u2019 inaugural flight from Vienna to Montreal was just one leg of our journey as the Canadian PR agency for the Lufthansa Group of airlines. Foreign dignitaries, airline officials, airport authority representatives, Austrian folk dancers and the famous water salute, greeted incoming passengers as they disembarked at A\u00e9roport International Montr\u00e9al-Trudeau. FAMs, press conferences, behind the scenes interviews and strategic counsel &#8211; all in a day\u2019s work for the energi road warriors!<\/p>\n\t\t\t\t\t\t\t\t<\/div>\n\t\t\t\t<\/div>\n\t\t\t\t\t<\/div>\n\t\t<\/div>\n\t\t\t\t<div class=\"elementor-column elementor-col-50 elementor-top-column elementor-element elementor-element-197c763e elementor-hidden-tablet elementor-hidden-phone\" data-id=\"197c763e\" data-element_type=\"column\" data-e-type=\"column\">\n\t\t\t<div class=\"elementor-widget-wrap\">\n\t\t\t\t\t\t\t<\/div>\n\t\t<\/div>\n\t\t\t\t\t<\/div>\n\t\t<\/section>\n\t\t\t\t<section class=\"elementor-section elementor-top-section elementor-element elementor-element-5883d529 elementor-section-boxed elementor-section-height-default elementor-section-height-default\" data-id=\"5883d529\" data-element_type=\"section\" data-e-type=\"section\">\n\t\t\t\t\t\t<div class=\"elementor-container elementor-column-gap-no\">\n\t\t\t\t\t<div class=\"elementor-column elementor-col-100 elementor-top-column elementor-element elementor-element-7c3bdc66\" data-id=\"7c3bdc66\" data-element_type=\"column\" data-e-type=\"column\">\n\t\t\t<div class=\"elementor-widget-wrap elementor-element-populated\">\n\t\t\t\t\t\t<div class=\"elementor-element elementor-element-161f50ce elementor-widget elementor-widget-spacer\" data-id=\"161f50ce\" data-element_type=\"widget\" data-e-type=\"widget\" data-widget_type=\"spacer.default\">\n\t\t\t\t<div class=\"elementor-widget-container\">\n\t\t\t\t\t\t\t<div class=\"elementor-spacer\">\n\t\t\t<div class=\"elementor-spacer-inner\"><\/div>\n\t\t<\/div>\n\t\t\t\t\t\t<\/div>\n\t\t\t\t<\/div>\n\t\t\t\t\t<\/div>\n\t\t<\/div>\n\t\t\t\t\t<\/div>\n\t\t<\/section>\n\t\t\t\t<\/div>\n\t\t","protected":false},"excerpt":{"rendered":"<p>Dans l&rsquo;industrie comp\u00e9titive de l&rsquo;aviation, Lufthansa nous a confi\u00e9 la t\u00e2che de maintenir sa part de march\u00e9 au Canada. En tant qu&rsquo;agence de r\u00e9f\u00e9rence, nous avons cherch\u00e9 \u00e0 am\u00e9liorer les profils de Lufthansa et de ses compagnies a\u00e9riennes partenaires tout en stimulant les r\u00e9servations. Notre strat\u00e9gie comprenait l&rsquo;engagement des m\u00e9dias commerciaux et grand public, la personnalisation des annonces, la r\u00e9alisation de briefings m\u00e9diatiques et la planification d&rsquo;un calendrier \u00e9ditorial proactif. Nous avons orchestr\u00e9 un \u00e9v\u00e9nement m\u00e9morable \u00e0 l&rsquo;a\u00e9roport international Trudeau de Montr\u00e9al, mettant en vedette des dignitaires \u00e9trangers et un salut \u00e0 l&rsquo;eau, pour comm\u00e9morer le vol inaugural d&rsquo;Austrian Airlines de Vienne \u00e0 Montr\u00e9al.<\/p>\n","protected":false},"author":1,"featured_media":4713,"menu_order":11,"comment_status":"open","ping_status":"open","template":"","portfolio_category":[],"portfolio_tag":[],"class_list":["post-2606","portfolio","type-portfolio","status-publish","has-post-thumbnail","hentry"],"acf":[],"_links":{"self":[{"href":"https:\/\/www.energipr.com\/fr\/wp-json\/wp\/v2\/portfolio\/2606","targetHints":{"allow":["GET"]}}],"collection":[{"href":"https:\/\/www.energipr.com\/fr\/wp-json\/wp\/v2\/portfolio"}],"about":[{"href":"https:\/\/www.energipr.com\/fr\/wp-json\/wp\/v2\/types\/portfolio"}],"author":[{"embeddable":true,"href":"https:\/\/www.energipr.com\/fr\/wp-json\/wp\/v2\/users\/1"}],"replies":[{"embeddable":true,"href":"https:\/\/www.energipr.com\/fr\/wp-json\/wp\/v2\/comments?post=2606"}],"version-history":[{"count":3,"href":"https:\/\/www.energipr.com\/fr\/wp-json\/wp\/v2\/portfolio\/2606\/revisions"}],"predecessor-version":[{"id":4819,"href":"https:\/\/www.energipr.com\/fr\/wp-json\/wp\/v2\/portfolio\/2606\/revisions\/4819"}],"wp:featuredmedia":[{"embeddable":true,"href":"https:\/\/www.energipr.com\/fr\/wp-json\/wp\/v2\/media\/4713"}],"wp:attachment":[{"href":"https:\/\/www.energipr.com\/fr\/wp-json\/wp\/v2\/media?parent=2606"}],"wp:term":[{"taxonomy":"portfolio_category","embeddable":true,"href":"https:\/\/www.energipr.com\/fr\/wp-json\/wp\/v2\/portfolio_category?post=2606"},{"taxonomy":"portfolio_tag","embeddable":true,"href":"https:\/\/www.energipr.com\/fr\/wp-json\/wp\/v2\/portfolio_tag?post=2606"}],"curies":[{"name":"wp","href":"https:\/\/api.w.org\/{rel}","templated":true}]}}

<div data-elementor-type="wp-post" data-elementor-id="2606" class="elementor elementor-2606 elementor-1361">
						<section class="elementor-section elementor-top-section elementor-element elementor-element-fd75f5f elementor-section-boxed elementor-section-height-default elementor-section-height-default" data-id="fd75f5f" data-element_type="section" data-e-type="section">
						<div class="elementor-container elementor-column-gap-default">
					<div class="elementor-column elementor-col-100 elementor-top-column elementor-element elementor-element-75ae4572" data-id="75ae4572" data-element_type="column" data-e-type="column">
			<div class="elementor-widget-wrap">
							</div>
		</div>
					</div>
		</section>
				<section class="elementor-section elementor-top-section elementor-element elementor-element-606b3aa9 elementor-section-boxed elementor-section-height-default elementor-section-height-default" data-id="606b3aa9" data-element_type="section" data-e-type="section">
						<div class="elementor-container elementor-column-gap-no">
					<div class="elementor-column elementor-col-100 elementor-top-column elementor-element elementor-element-5cb6926a" data-id="5cb6926a" data-element_type="column" data-e-type="column">
			<div class="elementor-widget-wrap elementor-element-populated">
						<div class="elementor-element elementor-element-689c64ba elementor-widget elementor-widget-spacer" data-id="689c64ba" data-element_type="widget" data-e-type="widget" data-widget_type="spacer.default">
				<div class="elementor-widget-container">
							<div class="elementor-spacer">
			<div class="elementor-spacer-inner"></div>
		</div>
						</div>
				</div>
					</div>
		</div>
					</div>
		</section>
				<section class="elementor-section elementor-top-section elementor-element elementor-element-79f24b9 elementor-section-boxed elementor-section-height-default elementor-section-height-default" data-id="79f24b9" data-element_type="section" data-e-type="section">
						<div class="elementor-container elementor-column-gap-default">
					<div class="elementor-column elementor-col-50 elementor-top-column elementor-element elementor-element-7a7e6f3f" data-id="7a7e6f3f" data-element_type="column" data-e-type="column">
			<div class="elementor-widget-wrap elementor-element-populated">
						<div class="elementor-element elementor-element-5d723bf elementor-align-left elementor-widget elementor-widget-raven-heading" data-id="5d723bf" data-element_type="widget" data-e-type="widget" data-widget_type="raven-heading.default">
				<div class="elementor-widget-container">
							<div class="raven-widget-wrapper"><h2 class="raven-heading raven-heading-h2"><span class="raven-heading-title ">Willkommen, Bienvenue, Welcome! </span></h2></div>
						</div>
				</div>
				<div class="elementor-element elementor-element-78e85db8 elementor-widget elementor-widget-text-editor" data-id="78e85db8" data-element_type="widget" data-e-type="widget" data-widget_type="text-editor.default">
				<div class="elementor-widget-container">
									<p>Introducing Austrian Airlines’ inaugural flight from Vienna to Montreal was just one leg of our journey as the Canadian PR agency for the Lufthansa Group of airlines. Foreign dignitaries, airline officials, airport authority representatives, Austrian folk dancers and the famous water salute, greeted incoming passengers as they disembarked at Aéroport International Montréal-Trudeau. FAMs, press conferences, behind the scenes interviews and strategic counsel &#8211; all in a day’s work for the energi road warriors!</p>
								</div>
				</div>
					</div>
		</div>
				<div class="elementor-column elementor-col-50 elementor-top-column elementor-element elementor-element-197c763e elementor-hidden-tablet elementor-hidden-phone" data-id="197c763e" data-element_type="column" data-e-type="column">
			<div class="elementor-widget-wrap">
							</div>
		</div>
					</div>
		</section>
				<section class="elementor-section elementor-top-section elementor-element elementor-element-5883d529 elementor-section-boxed elementor-section-height-default elementor-section-height-default" data-id="5883d529" data-element_type="section" data-e-type="section">
						<div class="elementor-container elementor-column-gap-no">
					<div class="elementor-column elementor-col-100 elementor-top-column elementor-element elementor-element-7c3bdc66" data-id="7c3bdc66" data-element_type="column" data-e-type="column">
			<div class="elementor-widget-wrap elementor-element-populated">
						<div class="elementor-element elementor-element-161f50ce elementor-widget elementor-widget-spacer" data-id="161f50ce" data-element_type="widget" data-e-type="widget" data-widget_type="spacer.default">
				<div class="elementor-widget-container">
							<div class="elementor-spacer">
			<div class="elementor-spacer-inner"></div>
		</div>
						</div>
				</div>
					</div>
		</div>
					</div>
		</section>
				</div>

<p>Dans l&rsquo;industrie compétitive de l&rsquo;aviation, Lufthansa nous a confié la tâche de maintenir sa part de marché au Canada. En tant qu&rsquo;agence de référence, nous avons cherché à améliorer les profils de Lufthansa et de ses compagnies aériennes partenaires tout en stimulant les réservations. Notre stratégie comprenait l&rsquo;engagement des médias commerciaux et grand public, la personnalisation des annonces, la réalisation de briefings médiatiques et la planification d&rsquo;un calendrier éditorial proactif. Nous avons orchestré un événement mémorable à l&rsquo;aéroport international Trudeau de Montréal, mettant en vedette des dignitaires étrangers et un salut à l&rsquo;eau, pour commémorer le vol inaugural d&rsquo;Austrian Airlines de Vienne à Montréal.</p>
